housands digit of g(-20)?
2
Let j(d) = 4*d**2 + 2*d + 1. Let y be j(-1). Suppose 445 = y*i + r - 210, -4 = 2*r. Suppose 14*l - i = 11*l. What is the units digit of l?
3
Let z = -122 + 126. What is the units digit of (2 - z) + 136 + -1?
3
Let c be (-14665)/7 - (-6)/(-1 + -2). Let j = -800 - c. What is the hundreds digit of j?
2
Suppose 0 = -2*p - b + 20476, -7*b = -p - b + 10199. What is the tens digit of p?
3
Let n = -14111 - -55861. What is the units digit of n?
0
Let y(m) be the second derivative of -29*m**5/4 + m**4/12 - m**3/2 + m**2 - 24*m. Let t be y(1). Let p = t - -337. What is the hundreds digit of p?
1
Suppose 0 = -d + 3, -181 = -2*y + 5*d + 508. Suppose 3*x + 535 = -5*b, -5*x + 5*b - y - 553 = 0. Let t = x + 270. What is the units digit of t?
0
Suppose 0 = -22*h + 31*h - 189. What is the tens digit of -7 + (h - 7) + 251?
5
Let k(m) = -5*m - 32. Let h be k(-7). Suppose 2*b = 4*r - 1088, 4*r + h*b = 6*b + 1090. What is the tens digit of r?
7
Let t(w) = 358*w**2 + 124*w + 685. What is the units digit of t(-7)?
9
Suppose 44*i = -51*i + 1404290. What is the units digit of i?
2
Let d = -44 - -27. Let v = d + 21. Let b(i) = -i**3 + 8*i**2 - 5*i. What is the units digit of b(v)?
4
Suppose l = x - 6 + 4, -4*x + 15 = 3*l. Let k(c) = 143*c**2 + 1. What is the units digit of k(l)?
4
Let p(a) be the third derivative of -a**5/30 + 5*a**4/6 + 7*a**3/6 + 46*a**2. Let i be p(5). Suppose -30*m + 33*m = i. What is the tens digit of m?
1
Let s(q) = -2*q**2 + 11*q + 5. Let p be s(0). Suppose -64*i + 5*w = -63*i - 1393, 3*i = -p*w + 4159. What is the tens digit of i?
8
Suppose 669 = -5*r - 7*j + 5*j, -4*j = -5*r - 657. Let i = 37 - 34. Let w = i - r. What is the units digit of w?
6
Suppose 28*f = 31*f - 6846. What is the hundreds digit of f?
2
Let z = 165 + 16533. What is the hundreds digit of z?
6
Suppose 58*w - 67*w - 7695 = 0. Let g = w + 1202. What is the hundreds digit of g?
3
Let s(v) = 29*v - v**2 - 16*v + 14 + 2*v**2. Let a be s(-11). What is the hundreds digit of a/10*(-3560)/16?
1
Let p = 11880 + 5516. What is the tens digit of p?
9
Let j(w) be the first derivative of w**3/3 - 13*w**2/2 - 3*w + 2. Let v be j(-13). Let z = v - 222. What is the hundreds digit of z?
1
Let v = 57 - 54. Let x(q) = 5 - 17 + 4*q**2 + v + q + 5. What is the units digit of x(2)?
4
Suppose 0 = -3*x - l - 3*l - 938, -4*x - 3*l - 1260 = 0. Let t = x + 542. What is the hundreds digit of t?
2
Suppose 10*z = 15*z + 15. Let i be z - ((-1815)/(-10))/((-9)/12). Suppose i + 674 = 11*w. What is the units digit of w?
3
Let t(y) = -3063*y + 2875. What is the tens digit of t(-5)?
9
Let y(n) = 89*n + 7. Suppose -6*f = 12*f - 126. What is the hundreds digit of y(f)?
6
Let f(a) = -a**3 - 5*a - 4*a**2 - 13*a**2 + 0*a**2 - 6. Let i = -17 + 0. What is the tens digit of f(i)?
7
Let s(x) = 5*x + 24 - x + 19. Let a be s(-10). What is the tens digit of 390/4 + (0 - a/(-6))?
9
Let p = -298 - -299. What is the units digit of (p - -5) + (-17507)/(-41)?
3
Suppose 704861 - 2638374 = -185*b + 570277. What is the ten thousands digit of b?
1
Let d(v) = -v**3 + 2. Let j be d(1). Let a be (j*(-1 + -3) - -2) + 4. Suppose -4*b + 2*k = -230, b + 6 - 66 = -a*k. What is the tens digit of b?
5
What is the tens digit of -2 + 14330 - 4*117/(-52)?
3
Suppose 99*d = 90*d + 6012. What is the tens digit of 4 - (d - -6)/(-2)?
4
Let j be -1 - (-7 + -1751)/2. Suppose -x + 5*z + j = 0, -3*z - 1359 - 376 = -2*x. What is the units digit of x?
3
Let a(c) = 2*c - 12. Let w(s) = 2*s - 13. Let u(p) = 2*a(p) - 3*w(p). What is the units digit of u(-3)?
1
Suppose -n - 198 + 127 = 0. Let r = -114 - n. Let v = 204 - r. What is the hundreds digit of v?
2
Suppose -3*b + 131 - 1061 = 0. Let c = b - -1100. What is the hundreds digit of c?
7
Let t(v) = -5661*v - 8. Let n be t(-1). Suppose 24*x = 6731 + n. What is the hundreds digit of x?
5
Let d(l) = -30*l**3 + 2*l**2 - 7*l + 15. Let b be d(-5). Suppose -4*r = -t - 3083, -30*r + 25*r + b = -5*t. What is the hundreds digit of r?
7
Let c = 698 - 978. What is the tens digit of (10570/c)/((-2)/32)?
0
Let q = 7591 + -5300. What is the hundreds digit of q?
2
Let j(x) be the third derivative of x**6/120 - 7*x**5/30 + x**4/4 - x**3/6 + 2*x**2 - 4. What is the tens digit of j(15)?
1
Suppose -227*n - 459602 = -2126236. What is the thousands digit of n?
7
What is the hundreds digit of 120/45 - (-50869)/21?
4
Let i(d) = 9 - 978*d + 513*d + 494*d. What is the hundreds digit of i(8)?
2
Let w(c) = -40*c**3 - 3*c**2 - 3*c - 1. Let q be w(-1). Suppose q*z = 45*z - 7434. What is the thousands digit of z?
1
Let j = -272 + 282. What is the units digit of 10/(-2) - j/(50/(-2895))?
4
Suppose -5*j + 3*j + 4*o + 22 = 0, -j + 4*o = -17. Suppose -j*m - 13854 = -11*m. Suppose 768 = 17*w - m. What is the tens digit of w?
8
Let q(g) = -g - 1. Let i be q(-7). Let z be (-3 + 27/5)/(i/1160). Suppose -5*m = -z + 139. What is the tens digit of m?
6
Suppose -8*y - 3*w + 3 = -4*y, -2*y + 1 = w. Let k(x) = 2*x + 6. Let r be k(y). Suppose -5*n - 132 = -r*n. What is the tens digit of n?
3
Let t(g) = -g**3 + 33*g**2 - 11*g - 36. Let x be t(32). Suppose x = 6*k - 384. What is the hundreds digit of k?
1
Let c be (-36)/24 + 21/2. Suppose 0 = 10*k + c*k - 17784. What is the tens digit of k?
3
Let h(a) = -27*a + 1. Let v be (2 + (-1 - 2))/(2/40). What is the tens digit of h(v)?
4
Let a(w) = -488*w + 17344. What is the units digit of a(0)?
4
Suppose 2*d - 844 = -2*q, -4*d + 2*q - 4*q + 1692 = 0. Let l = 1080 - 1077. Suppose 5*h - l*j - d = 0, -h = -3*h + 4*j + 178. What is the tens digit of h?
8
Suppose -46978 = -2*s + n, 3*n + 5952 = s - 17522. What is the hundreds digit of s?
4
Suppose -231*o = -379*o + 1124504. What is the units digit of o?
8
Let j(p) be the second derivative of 13*p + 11*p**2 + 0 + 5/3*p**3. What is the units digit of j(7)?
2
What is the tens digit of 110619/63 + (-11)/(-77)?
5
Let v(u) = -5*u + 33. Let z be v(6). Suppose -5*c - 25 = b, b = c + z*b + 14. What is the units digit of c/(-14) + (-12)/126*-1362?
0
Suppose 6560*x + 26805 = 6563*x. What is the hundreds digit of x?
9
Suppose 5*g - 48848 - 14223 = 3804. What is the hundreds digit of g?
3
Let j = -18 - -36. Suppose -4 = -d, d - 6*d + j = -o. Suppose -2*c = -2*v - 5 + 53, 5*v - o*c - 108 = 0. What is the tens digit of v?
2
Let k(a) = 5 + 2*a + a**2 + 18 + 9*a. Let w be k(-8). What is the units digit of w + 4 - (-1 - (35 - -2))?
1
Suppose 0 = -10*q - 0*q - 80. Let y = 15 - q. Suppose y*d - 19*d = 56. What is the units digit of d?
4
Let u(b) = b**3 - 11*b**2 + 18*b - 19. Let j(c) = -2*c**2 - 25*c. Let k be j(-12). What is the units digit of u(k)?
1
Let m(a) be the third derivative of a**5/60 - a**4/8 + a**3/3 + 5*a**2 + 4*a. Let b be m(1). What is the tens digit of (-1316)/(-6) + (-4)/(12 - b)?
1
Let s(k) = k**3 + 8*k**2 + 3*k + 3. Let z be s(-4). Suppose 49*l = z*l - 7518. What is the tens digit of l?
5
Suppose 6*w + 2214 - 276 = 0. Let q = w + 674. What is the hundreds digit of q?
3
Let o(j) = j**3 + 17*j**2 - 19*j - 15. Let b be o(-17). Suppose -4*h + 438 + 1350 = 0. Let q = h - b. What is the hundreds digit of q?
1
Suppose -2*g + 5016 = j, 0 = -1438*j + 1435*j + 4*g + 14998. What is the hundreds digit of j?
0
Let m = -12535 - -14581. What is the units digit of m?
6
Let q(w) = w**2 - 3*w + 43. Suppose -3*r = 12*j - 9*j, 4*r - 4*j = 0. What is the tens digit of q(r)?
4
Let t be 6/(-16) + (-33128)/2624. Suppose -5*o + 61 = -3*o - 3*k, -4*o - 5*k = -89. Let i = o + t. What is the units digit of i?
3
Let q(p) = -307*p + 302. What is the tens digit of q(-17)?
2
Let z = 39 - 27. Suppose -3*d + z + 12 = 0. Suppose -6*m = -d*m + 228. What is the units digit of m?
4
Suppose 0 = -x + o + 23256, 5*x - 8*o + 9*o = 116316. What is the hundreds digit of x?
2
Suppose -4*z + 5*q + 34427 - 756 = 0, 3*z + 3*q - 25287 = 0. What is the hundreds digit of z?
4
Let w(y) = 2*y - 45. Let n be w(22). Let t(b) be the first derivative of -85*b**4/2 - 2*b**3/3 - 3*b**2/2 - 2*b - 10. What is the tens digit of t(n)?
6
Let p(y) = -216*y + 1. Let z be 4/(-3) - 7/(-21). Let t be p(z). Let d = -130 + t. What is the tens digit of d?
8
Let v(y) = -2*y + 12*y - 14 - 9*y. Let o be v(14). Suppose o = -2*t + 171 - 25. What is the tens digit of t?
7
Suppose 0 = 2*q - 4*u - 2174, -3*q - 11*